7 and 17.
17
What is the greatest common factor of 32 and 2720?
32
What is the highest common divisor of 10 and 70?
10
What is the highest common factor of 296 and 24?
8
Calculate the highest common divisor of 6754 and 22.
22
What is the greatest common divisor of 22 and 16247?
11
Calculate the greatest common divisor of 1372 and 294.
98
Calculate the greatest common divisor of 23800 and 50.
50
Calculate the highest common divisor of 11180 and 520.
260
Calculate the greatest common factor of 29 and 58.
29
Calculate the greatest common divisor of 741 and 39.
39
What is the highest common divisor of 7550 and 200?
50
What is the greatest common divisor of 60 and 75?
15
Calculate the highest common factor of 42 and 41678.
14
Calculate the highest common divisor of 697 and 85.
17
What is the highest common divisor of 1363 and 29?
29
Calculate the greatest common factor of 2025 and 30.
15
Calculate the greatest common factor of 20 and 1030.
10
What is the highest common factor of 1320 and 33?
33
What is the highest common factor of 65 and 45?
5
What is the greatest common divisor of 6223 and 127?
127
Calculate the highest common factor of 240 and 540.
60
Calculate the highest common factor of 294 and 714.
42
What is the highest common divisor of 29 and 8?
1
Calculate the highest common divisor of 759 and 1771.
253
What is the greatest common divisor of 16 and 44?
4
What is the highest common factor of 8 and 16?
8
Calculate the highest common factor of 372 and 1457.
31
What is the highest common divisor of 144 and 656?
16
Calculate the highest common factor of 1434 and 12.
6
Calculate the greatest common divisor of 3567 and 87.
87
What is the greatest common divisor of 192 and 12432?
48
What is the highest common factor of 32516 and 11?
11
What is the highest common divisor of 581 and 7?
7
Calculate the highest common divisor of 1818 and 36.
18
Calculate the greatest common divisor of 369 and 99.
9
What is the greatest common divisor of 195 and 143?
13
What is the highest common factor of 144 and 5136?
48
Calculate the highest common divisor of 12 and 300.
12
Calculate the highest common factor of 116 and 609.
29
Calculate the greatest common divisor of 416 and 260.
52
What is the highest common divisor of 1 and 179?
1
Calculate the highest common divisor of 484 and 33.
11
What is the highest common divisor of 2334 and 30?
6
What is the greatest common factor of 55 and 7535?
55
Calculate the greatest common divisor of 455 and 4445.
35
What is the greatest common factor of 124 and 31?
31
Calculate the greatest common divisor of 430 and 10.
10
Calculate the greatest common divisor of 380 and 134140.
380
What is the highest common factor of 1239 and 3009?
177
What is the greatest common factor of 992 and 16?
16
Calculate the highest common divisor of 816 and 2312.
136
Calculate the greatest common factor of 603 and 1139.
67
Calculate the greatest common divisor of 6 and 318.
6
Calculate the greatest common divisor of 95 and 60.
5
What is the highest common factor of 13 and 221?
13
Calculate the greatest common factor of 190 and 5.
5
What is the highest common factor of 55 and 715?
55
Calculate the greatest common factor of 254 and 13589.
127
What is the greatest common factor of 150 and 225?
75
What is the highest common factor of 8 and 236?
4
What is the highest common factor of 12006 and 1218?
174
Calculate the highest common divisor of 69 and 6.
3
What is the greatest common factor of 69 and 460?
23
Calculate the greatest common divisor of 132 and 6036.
12
Calculate the highest common divisor of 1095 and 15.
15
What is the greatest common divisor of 35 and 98?
7
What is the greatest common factor of 32 and 18?
2
What is the highest common factor of 38 and 30?
2
What is the highest common factor of 459 and 17?
17
Calculate the greatest common factor of 253 and 345.
23
What is the greatest common divisor of 15 and 9?
3
Calculate the highest common divisor of 850 and 10.
10
Calculate the greatest common factor of 13 and 533.
13
Calculate the highest common factor of 1020 and 90.
30
Calculate the greatest common factor of 230 and 80.
10
What is the highest common divisor of 63 and 84?
21
What is the greatest common factor of 610 and 30?
10
What is the greatest common divisor of 31 and 465?
31
Calculate the greatest common factor of 30 and 96.
6
Calculate the greatest common divisor of 36 and 34.
2
What is the greatest common factor of 451 and 737?
11
Calculate the greatest common divisor of 28 and 35.
7
Calculate the greatest common factor of 1088 and 64.
64
Calculate the greatest common factor of 80 and 2840.
40
Calculate the highest common divisor of 170 and 1088.
34
What is the highest common factor of 6144 and 12?
12
What is the greatest common divisor of 1344 and 84?
84
What is the greatest common factor of 67 and 3?
1
Calculate the greatest common factor of 6419 and 131.
131
What is the highest common factor of 2286 and 414?
18
Calculate the highest common factor of 70 and 385.
35
Calculate the highest common factor of 28 and 581.
7
What is the highest common factor of 15 and 125?
5
What is the highest common divisor of 228 and 209?
19
Calculate the highest common factor of 275 and 500.
25
Calculate the greatest common divisor of 170 and 476.
34
What is the highest common divisor of 689 and 208?
13
What is the greatest common factor of 1622 and 4?
2
What is the highest common divisor of 1927 and 4747?
47
Calculate the highest common factor of 189 and 84.
21
What is the greatest common factor of 12 and 17268?
12
What is the greatest common factor of 6 and 12?
6
Calculate the greatest common factor of 9393 and 186.
93
Calculate the greatest common factor of 28 and 2716.
28
Calculate the greatest common factor of 88 and 484.
44
What is the greatest common factor of 5 and 155?
5
What is the highest common divisor of 24 and 1200?
24
Calculate the highest common factor of 225 and 9.
9
Calculate the highest common divisor of 82 and 287.
41
Calculate the greatest common divisor of 12 and 2082.
6
What is the greatest common factor of 1391 and 91?
13
Calculate the greatest common divisor of 374 and 136.
34
What is the greatest common factor of 22 and 198?
22
Calculate the greatest common divisor of 8050 and 2800.
350
Calculate the greatest common factor of 320 and 40.
40
What is the greatest common divisor of 43 and 2537?
43
Calculate the highest common factor of 80 and 4770.
10
What is the greatest common divisor of 3276 and 168?
84
Calculate the greatest common divisor of 138 and 1311.
69
Calculate the greatest common factor of 104 and 568.
8
What is the greatest common factor of 33 and 3619?
11
Calculate the highest common factor of 215 and 43.
43
What is the highest common factor of 640 and 40?
40
What is the greatest common divisor of 42 and 1449?
21
What is the highest common divisor of 1058 and 230?
46
Calculate the greatest common divisor of 117 and 832.
13
What is the greatest common divisor of 21 and 1281?
21
Calculate the highest common factor of 64 and 240.
16
Calculate the greatest common factor of 6444 and 27.
9
Calculate the greatest common factor of 140 and 252.
28
What is the greatest common divisor of 143 and 11?
11
What is the highest common divisor of 80 and 1040?
80
What is the highest common factor of 52 and 130?
26
What is the highest common divisor of 20 and 220?
20
What is the highest common factor of 60 and 1140?
60
What is the highest common factor of 15 and 1770?
15
Calculate the greatest common divisor of 15855 and 105.
105
What is the highest common factor of 225 and 255?
15
What is the highest common factor of 2576 and 560?
112
Calculate the greatest common factor of 932 and 5359.
233
Calculate the highest common divisor of 540 and 162.
54
What is the greatest common divisor of 1595 and 58?
29
What is the greatest common divisor of 121 and 3476?
11
Calculate the highest common divisor of 11935 and 1395.
155
Calculate the greatest common divisor of 24 and 915.
3
What is the greatest common divisor of 85 and 5?
5
Calculate the highest common divisor of 10 and 2350.
10
Calculate the greatest common divisor of 2488 and 56.
8
Calculate the greatest common factor of 2541 and 147.
21
Calculate the greatest common divisor of 20 an